{"id":91,"date":"2023-02-09T15:33:59","date_gmt":"2023-02-09T14:33:59","guid":{"rendered":"http:\/\/www.labeilleduvallage.fr\/?page_id=91"},"modified":"2025-02-19T10:21:39","modified_gmt":"2025-02-19T09:21:39","slug":"lactu","status":"publish","type":"page","link":"https:\/\/www.labeilleduvallage.fr\/?page_id=91","title":{"rendered":"Qui sommes-nous ?"},"content":{"rendered":"<hr class=\"wp-block-separator has-text-color has-luminous-vivid-amber-color has-alpha-channel-opacity has-luminous-vivid-amber-background-color has-background is-style-default\"\/><p class=\"has-text-align-center\"><strong>Histoire de l\u2019exploitation : Rapha\u00ebl<\/strong><\/p><hr class=\"wp-block-separator has-text-color has-luminous-vivid-amber-color has-alpha-channel-opacity has-luminous-vivid-amber-background-color has-background is-style-default\"\/><p><\/p><div class=\"wp-block-image is-style-rounded\"><figure data-wp-context=\"{&quot;imageId&quot;:&quot;69d1af4c90ee0&quot;}\" data-wp-interactive=\"core\/image\" data-wp-key=\"69d1af4c90ee0\" class=\"aligncenter size-full is-resized wp-lightbox-container\"><img loading=\"lazy\" decoding=\"async\" width=\"1644\" height=\"1653\" data-wp-class--hide=\"state.isContentHidden\" data-wp-class--show=\"state.isContentVisible\" data-wp-init=\"callbacks.setButtonStyles\" data-wp-on--click=\"actions.showLightbox\" data-wp-on--load=\"callbacks.setButtonStyles\" data-wp-on-window--resize=\"callbacks.setButtonStyles\" src=\"https:\/\/www.labeilleduvallage.fr\/wp-content\/uploads\/2024\/02\/raf-cadre-et-abeilles-dans-les-mains.png\" alt=\"\" class=\"wp-image-255\" style=\"aspect-ratio:1;object-fit:cover;width:528px;height:auto\" srcset=\"https:\/\/www.labeilleduvallage.fr\/wp-content\/uploads\/2024\/02\/raf-cadre-et-abeilles-dans-les-mains.png 1644w, https:\/\/www.labeilleduvallage.fr\/wp-content\/uploads\/2024\/02\/raf-cadre-et-abeilles-dans-les-mains-298x300.png 298w, https:\/\/www.labeilleduvallage.fr\/wp-content\/uploads\/2024\/02\/raf-cadre-et-abeilles-dans-les-mains-1018x1024.png 1018w, https:\/\/www.labeilleduvallage.fr\/wp-content\/uploads\/2024\/02\/raf-cadre-et-abeilles-dans-les-mains-150x150.png 150w, https:\/\/www.labeilleduvallage.fr\/wp-content\/uploads\/2024\/02\/raf-cadre-et-abeilles-dans-les-mains-768x772.png 768w, https:\/\/www.labeilleduvallage.fr\/wp-content\/uploads\/2024\/02\/raf-cadre-et-abeilles-dans-les-mains-1528x1536.png 1528w, https:\/\/www.labeilleduvallage.fr\/wp-content\/uploads\/2024\/02\/raf-cadre-et-abeilles-dans-les-mains-600x603.png 600w, https:\/\/www.labeilleduvallage.fr\/wp-content\/uploads\/2024\/02\/raf-cadre-et-abeilles-dans-les-mains-100x100.png 100w\" sizes=\"auto, (max-width: 1644px) 100vw, 1644px\" \/><button\n\t\t\tclass=\"lightbox-trigger\"\n\t\t\ttype=\"button\"\n\t\t\taria-haspopup=\"dialog\"\n\t\t\taria-label=\"Agrandir\"\n\t\t\tdata-wp-init=\"callbacks.initTriggerButton\"\n\t\t\tdata-wp-on--click=\"actions.showLightbox\"\n\t\t\tdata-wp-style--right=\"state.imageButtonRight\"\n\t\t\tdata-wp-style--top=\"state.imageButtonTop\"\n\t\t>\n\t\t\t<svg xmlns=\"http:\/\/www.w3.org\/2000\/svg\" width=\"12\" height=\"12\" fill=\"none\" viewBox=\"0 0 12 12\">\n\t\t\t\t<path fill=\"#fff\" d=\"M2 0a2 2 0 0 0-2 2v2h1.5V2a.5.5 0 0 1 .5-.5h2V0H2Zm2 10.5H2a.5.5 0 0 1-.5-.5V8H0v2a2 2 0 0 0 2 2h2v-1.5ZM8 12v-1.5h2a.5.5 0 0 0 .5-.5V8H12v2a2 2 0 0 1-2 2H8Zm2-12a2 2 0 0 1 2 2v2h-1.5V2a.5.5 0 0 0-.5-.5H8V0h2Z\" \/>\n\t\t\t<\/svg>\n\t\t<\/button><\/figure><\/div><hr class=\"wp-block-separator has-text-color has-luminous-vivid-amber-color has-alpha-channel-opacity has-luminous-vivid-amber-background-color has-background is-style-default\"\/><p>Au contact des abeilles depuis 2008, un apprentissage en apiculture et quelques saisons plus tard, je m\u2019installe en 2015 avec 450 ruches en apiculture biologique.<\/p><p>Au fil des ann\u00e9es, entre l\u2019\u00e9volution de l\u2019apiculture professionnelle et climatique, j&rsquo;ai  r\u00e9ussi \u00e0 rebondir et faire face \u00e0 des saisons difficiles, \u00e0 entreprendre beaucoup de changement notamment avec la cr\u00e9ation d\u2019un p\u00f4le d\u2019\u00e9levage de reines, un circuit de transhumance optimis\u00e9, une remise en question constante de son apiculture en d\u00e9cidant de se former aupr\u00e8s des diff\u00e9rentes associations d\u2019apiculteur professionnel (ADA, ANERCEA, etc..)<\/p><hr class=\"wp-block-separator has-text-color has-luminous-vivid-amber-color has-alpha-channel-opacity has-luminous-vivid-amber-background-color has-background is-style-default\"\/><p>J&rsquo;essaie \u00e9galement de m&rsquo;investir pour d\u00e9fendre les int\u00e9r\u00eat notre profession en \u00e9tant : <\/p><ul class=\"wp-block-list\"><li>Pr\u00e9sident du <strong><a href=\"https:\/\/biograndest.org\/la-bio-en-haute-marne\/\" data-type=\"link\" data-id=\"https:\/\/biograndest.org\/la-bio-en-haute-marne\/\" target=\"_blank\" rel=\"noreferrer noopener nofollow\">Groupement des Agriculteurs Biologiques<\/a> <\/strong>de la Haute-Marne<\/li>\n\n<li>Vice-Pr\u00e9sident de l&rsquo;<a href=\"https:\/\/www.ada-grand-est.org\/\" data-type=\"link\" data-id=\"https:\/\/www.ada-grand-est.org\/\"><strong>Association des Apiculteurs du Grand Est<\/strong><\/a> (ADA Grand Est)<\/li><\/ul><p><\/p><p class=\"has-text-align-center\"><\/p><hr class=\"wp-block-separator has-text-color has-luminous-vivid-amber-color has-alpha-channel-opacity has-luminous-vivid-amber-background-color has-background is-style-default\"\/><p>Nous nous formons aux c\u00f4t\u00e9s de L&rsquo;ADA Grand Est, I&rsquo;ANERCEA chaque ann\u00e9e, nous \u00e9changeons avec les professionnels, c&rsquo;est ensemble que nous pouvons faire \u00e9voluer la fili\u00e8re et faire face \u00e0 l&rsquo;\u00e9volution climatique.<\/p><p>Notre force r\u00e9side en notre remise en question reguli\u00e8re de nos pratiques afin de pr\u00e9server la sant\u00e9 de nos abeilles et de donner \u00e0 nos clients le meilleur&nbsp;des&nbsp;miels.<\/p>","protected":false},"excerpt":{"rendered":"<p>Histoire de l\u2019exploitation : Rapha\u00ebl Au contact des abeilles depuis 2008, un apprentissage en apiculture et quelques saisons plus tard, je m\u2019installe en 2015 avec 450 ruches en apiculture biologique. Au fil des ann\u00e9es, entre l\u2019\u00e9volution de l\u2019apiculture professionnelle et climatique, j&rsquo;ai r\u00e9ussi \u00e0 rebondir et faire face \u00e0 des saisons difficiles, \u00e0 entreprendre beaucoup de changement notamment avec la cr\u00e9ation d\u2019un p\u00f4le d\u2019\u00e9levage de reines, un circuit de transhumance optimis\u00e9, une remise en question constante de son apiculture en <a class=\"more-link\" href=\"https:\/\/www.labeilleduvallage.fr\/?page_id=91\">Read More<i class=\"genericon genericon-next\"><\/i><\/a><\/p>\n","protected":false},"author":1,"featured_media":324,"parent":0,"menu_order":0,"comment_status":"open","ping_status":"closed","template":"","meta":{"footnotes":""},"class_list":["post-91","page","type-page","status-publish","has-post-thumbnail","hentry"],"_links":{"self":[{"href":"https:\/\/www.labeilleduvallage.fr\/index.php?rest_route=\/wp\/v2\/pages\/91","targetHints":{"allow":["GET"]}}],"collection":[{"href":"https:\/\/www.labeilleduvallage.fr\/index.php?rest_route=\/wp\/v2\/pages"}],"about":[{"href":"https:\/\/www.labeilleduvallage.fr\/index.php?rest_route=\/wp\/v2\/types\/page"}],"author":[{"embeddable":true,"href":"https:\/\/www.labeilleduvallage.fr\/index.php?rest_route=\/wp\/v2\/users\/1"}],"replies":[{"embeddable":true,"href":"https:\/\/www.labeilleduvallage.fr\/index.php?rest_route=%2Fwp%2Fv2%2Fcomments&post=91"}],"version-history":[{"count":13,"href":"https:\/\/www.labeilleduvallage.fr\/index.php?rest_route=\/wp\/v2\/pages\/91\/revisions"}],"predecessor-version":[{"id":386,"href":"https:\/\/www.labeilleduvallage.fr\/index.php?rest_route=\/wp\/v2\/pages\/91\/revisions\/386"}],"wp:featuredmedia":[{"embeddable":true,"href":"https:\/\/www.labeilleduvallage.fr\/index.php?rest_route=\/wp\/v2\/media\/324"}],"wp:attachment":[{"href":"https:\/\/www.labeilleduvallage.fr\/index.php?rest_route=%2Fwp%2Fv2%2Fmedia&parent=91"}],"curies":[{"name":"wp","href":"https:\/\/api.w.org\/{rel}","templated":true}]}}