{"id":150,"date":"2023-02-21T11:20:22","date_gmt":"2023-02-21T10:20:22","guid":{"rendered":"http:\/\/www.labeilleduvallage.fr\/?post_type=product&#038;p=150"},"modified":"2026-03-15T18:19:50","modified_gmt":"2026-03-15T17:19:50","slug":"miel-de-tournesol-bio","status":"publish","type":"product","link":"https:\/\/www.labeilleduvallage.fr\/?product=miel-de-tournesol-bio","title":{"rendered":"Miel de Tournesol Bio"},"content":{"rendered":"<p>R\u00e9colte\u00a0: Juillet \/ ao\u00fbt<br \/>\nDepuis quelques ann\u00e9es les plantations grandissent de plus en plus dans nos r\u00e9gions. La floraison se fait peu de temps apr\u00e8s la floraison du Tilleul.<br \/>\nSon <strong>gout tr\u00e8s aromatique<\/strong>, <strong>fleuri et l\u00e9ger<\/strong> en fait un miel tres appr\u00e9ci\u00e9.<br \/>\nIl est source de <strong>calcium et silicium<\/strong>.<\/p>\n<p><img loading=\"lazy\" decoding=\"async\" class=\"alignright wp-image-122\" src=\"https:\/\/www.labeilleduvallage.fr\/wp-content\/uploads\/2023\/02\/logoab_eurofeuille_biologique-1-300x169.png\" alt=\"logo Agriculture biologique France gouvernement AB miel Bio bio\" width=\"150\" height=\"84\" srcset=\"https:\/\/www.labeilleduvallage.fr\/wp-content\/uploads\/2023\/02\/logoab_eurofeuille_biologique-1-300x169.png 300w, https:\/\/www.labeilleduvallage.fr\/wp-content\/uploads\/2023\/02\/logoab_eurofeuille_biologique-1-600x337.png 600w, https:\/\/www.labeilleduvallage.fr\/wp-content\/uploads\/2023\/02\/logoab_eurofeuille_biologique-1.png 690w\" sizes=\"auto, (max-width: 150px) 100vw, 150px\" \/><\/p>\n","protected":false},"excerpt":{"rendered":"<p>R\u00e9colte\u00a0: Juillet \/ ao\u00fbt Depuis quelques ann\u00e9es les plantations grandissent de plus en plus dans nos r\u00e9gions. La floraison se fait peu de temps apr\u00e8s la floraison du Tilleul. Son gout tr\u00e8s aromatique, fleuri et l\u00e9ger en fait un miel tres appr\u00e9ci\u00e9. Il est source de calcium et silicium.<\/p>\n","protected":false},"featured_media":113,"comment_status":"open","ping_status":"closed","template":"","meta":[],"product_brand":[],"product_cat":[17,18],"product_tag":[],"class_list":{"0":"post-150","1":"product","2":"type-product","3":"status-publish","4":"has-post-thumbnail","6":"product_cat-miel-biologique","7":"product_cat-nos-meilleures-ventes","9":"first","10":"instock","11":"shipping-taxable","12":"purchasable","13":"product-type-variable"},"_links":{"self":[{"href":"https:\/\/www.labeilleduvallage.fr\/index.php?rest_route=\/wp\/v2\/product\/150","targetHints":{"allow":["GET"]}}],"collection":[{"href":"https:\/\/www.labeilleduvallage.fr\/index.php?rest_route=\/wp\/v2\/product"}],"about":[{"href":"https:\/\/www.labeilleduvallage.fr\/index.php?rest_route=\/wp\/v2\/types\/product"}],"replies":[{"embeddable":true,"href":"https:\/\/www.labeilleduvallage.fr\/index.php?rest_route=%2Fwp%2Fv2%2Fcomments&post=150"}],"wp:featuredmedia":[{"embeddable":true,"href":"https:\/\/www.labeilleduvallage.fr\/index.php?rest_route=\/wp\/v2\/media\/113"}],"wp:attachment":[{"href":"https:\/\/www.labeilleduvallage.fr\/index.php?rest_route=%2Fwp%2Fv2%2Fmedia&parent=150"}],"wp:term":[{"taxonomy":"product_brand","embeddable":true,"href":"https:\/\/www.labeilleduvallage.fr\/index.php?rest_route=%2Fwp%2Fv2%2Fproduct_brand&post=150"},{"taxonomy":"product_cat","embeddable":true,"href":"https:\/\/www.labeilleduvallage.fr\/index.php?rest_route=%2Fwp%2Fv2%2Fproduct_cat&post=150"},{"taxonomy":"product_tag","embeddable":true,"href":"https:\/\/www.labeilleduvallage.fr\/index.php?rest_route=%2Fwp%2Fv2%2Fproduct_tag&post=150"}],"curies":[{"name":"wp","href":"https:\/\/api.w.org\/{rel}","templated":true}]}}

<p>Récolte : Juillet / août<br />
Depuis quelques années les plantations grandissent de plus en plus dans nos régions. La floraison se fait peu de temps après la floraison du Tilleul.<br />
Son <strong>gout très aromatique</strong>, <strong>fleuri et léger</strong> en fait un miel tres apprécié.<br />
Il est source de <strong>calcium et silicium</strong>.</p>
<p><img loading="lazy" decoding="async" class="alignright wp-image-122" src="https://www.labeilleduvallage.fr/wp-content/uploads/2023/02/logoab_eurofeuille_biologique-1-300x169.png" alt="logo Agriculture biologique France gouvernement AB miel Bio bio" width="150" height="84" srcset="https://www.labeilleduvallage.fr/wp-content/uploads/2023/02/logoab_eurofeuille_biologique-1-300x169.png 300w, https://www.labeilleduvallage.fr/wp-content/uploads/2023/02/logoab_eurofeuille_biologique-1-600x337.png 600w, https://www.labeilleduvallage.fr/wp-content/uploads/2023/02/logoab_eurofeuille_biologique-1.png 690w" sizes="auto, (max-width: 150px) 100vw, 150px" /></p>

<p>Récolte : Juillet / août Depuis quelques années les plantations grandissent de plus en plus dans nos régions. La floraison se fait peu de temps après la floraison du Tilleul. Son gout très aromatique, fleuri et léger en fait un miel tres apprécié. Il est source de calcium et silicium.</p>
